) = z**3 - 2*z**2 - 5*z + 3. Calculate a(3).
-3
Let g(l) = l**3 - 2*l**2 - 4*l + 7. What is g(5)?
62
Let d(j) = j**2 - 46*j + 94. Calculate d(43).
-35
Let i(b) = b**2 - 16*b + 18. Determine i(14).
-10
Let m(b) = 2*b + 27. Calculate m(-8).
11
Let u(b) = 6*b + 17. Give u(-6).
-19
Let o(m) = m**3 + 10*m**2 + 20*m + 28. Give o(-8).
-4
Let o(a) = 8*a - 383. What is o(49)?
9
Let t(p) = -3*p**2 + 5*p - 4. Determine t(3).
-16
Let x(l) = -l**3 + 9*l**2 - 10*l - 1. Determine x(5).
49
Let j(h) = h**2 - 10. Determine j(-4).
6
Let z(r) = -2*r + 8. Calculate z(5).
-2
Let i(c) = c**2 - 12*c - 51. Give i(16).
13
Let n(r) = 3*r**2 + 5*r - 4. Give n(-4).
24
Let l(j) = 22*j - 15. What is l(-5)?
-125
Let p(b) = 11*b**3 - 2*b - 2. Determine p(-1).
-11
Let b(y) = -2*y**2 - 10*y. What is b(-8)?
-48
Let b(s) = -s**3 - 4*s**2 + 3*s + 9. Determine b(-3).
-9
Let j(i) = -3*i**2 + i + 2. Calculate j(-5).
-78
Let o(a) = -8*a - 3. What is o(-2)?
13
Let s(a) = -a**3 - 22*a**2 - a - 27. Calculate s(-22).
-5
Let p(z) = z**2 - 45*z + 315. Determine p(9).
-9
Let h(b) = -b**3 + 3*b + 3. What is h(-2)?
5
Let c(l) = -l**3 - 18*l**2 + 19*l + 16. Determine c(-19).
16
Let c(u) = -7*u + 65. Give c(9).
2
Let q(l) = -l - 10. Give q(-7).
-3
Let j(p) = 2*p**2 + 13*p - 28. What is j(2)?
6
Let l(q) = 2*q**2 + 12*q - 17. Give l(-7).
-3
Let x(c) = c**2 - 15*c + 28. What is x(19)?
104
Let t(o) = -15*o + 79. Calculate t(5).
4
Let u(p) = 37*p - 18. Calculate u(5).
167
Let r(o) = o**3 + 3*o**2 - 14*o - 15. Calculate r(-5).
5
Let g(c) = -5*c - 63. Give g(-11).
-8
Let o(z) = 7*z - 4. What is o(1)?
3
Let h(b) = b**2 - 6*b + 13. Calculate h(5).
8
Let l(v) = -v**2 + 15*v + 332. Give l(27).
8
Let a(i) = 2*i**3 + 8*i**2 - 6*i - 6. Determine a(-4).
18
Let h(x) = -18*x - 9. What is h(3)?
-63
Let g(l) = 2*l - 2. Determine g(6).
10
Let u(k) = -k**2 - 4*k - 4. Determine u(-3).
-1
Let i(j) = j**3 - 8*j**2 - 45*j + 6. What is i(-4)?
-6
Let q(o) = o**3 - o**2 - 12*o + 3. Give q(4).
3
Let g(o) = 2*o**2 - 11*o + 18. Determine g(2).
4
Let q(t) = t**2 - 5*t + 5. Give q(2).
-1
Let f(y) = 21*y**2 - 5*y + 5. Determine f(2).
79
Let l(o) = -25*o + 87. What is l(4)?
-13
Let x(j) = -j**3 - 2*j**2 - j + 2. Determine x(-3).
14
Let n(a) = -a**2 + 5*a + 34. Give n(9).
-2
Let q(m) = 5*m**3 + 2*m**2 + m + 1. Calculate q(2).
51
Let s(y) = -y - 8. Determine s(2).
-10
Let b(g) = g**3 - 10*g**2 + 13*g - 2. Determine b(7).
-58
Let s(n) = 6*n + 96. Give s(-29).
-78
Let p(b) = -3*b + 100. Give p(25).
25
Let r(h) = -2*h**3 - 32*h**2 + 34*h - 21. Calculate r(-17).
-21
Let b(d) = -33*d + 1686. Calculate b(51).
3
Let p(o) = 25*o - 201. Calculate p(8).
-1
Let x(i) = 4*i**2 - 5*i - 2. What is x(-3)?
49
Let v(t) = 3*t**2 - 22*t + 19. What is v(8)?
35
Let k(h) = -h**3 - h**2 - 4*h + 76. Determine k(0).
76
Let s(v) = -v**2 + 12*v + 4. What is s(14)?
-24
Let c(z) = z**2 + 18*z - 15. Give c(-7).
-92
Let w(a) = -a**3 + 5*a**2 + 15*a - 3. Give w(7).
4
Let k(b) = 22*b - 9. What is k(5)?
101
Let h(f) = 8*f + 25. Determine h(-9).
-47
Let v(h) = h**3 - 11*h**2 - 7*h - 23. Calculate v(9).
-248
Let l(u) = -u**2 + 12*u - 7. Determine l(11).
4
Let q(j) = 6*j + 5. What is q(6)?
41
Let s(b) = 19*b - 335. Determine s(17).
-12
Let w(m) = 3*m - 2. Calculate w(4).
10
Let p(c) = 7*c - 171. Determine p(23).
-10
Let u(x) = x - 30. What is u(11)?
-19
Let z(f) = 3*f - 10. What is z(0)?
-10
Let a(k) = k**3 - 7*k**2 - 6*k + 31. What is a(7)?
-11
Let s(j) = -j**3 - 7*j**2 + 8*j - 4. Calculate s(-8).
-4
Let f(q) = -2*q**2 + 16*q + 6. Give f(7).
20
Let t(n) = -5*n - 49. Give t(-8).
-9
Let b(o) = o**3 - 6*o**2 - 5*o - 13. What is b(7)?
1
Let s(o) = -12*o**2 - 38*o + 12. Calculate s(-3).
18
Let t(w) = 2*w - 2. Calculate t(2).
2
Let q(f) = f + 3. Give q(-15).
-12
Let i(q) = 6*q + 8. Give i(-6).
-28
Let d(w) = -44*w - 178. Determine d(-4).
-2
Let p(j) = j**3 - 18*j**2 - 6*j + 113. Give p(18).
5
Let l(v) = -v**3 - 9*v**2 - 15*v - 6. Calculate l(-7).
1
Let m(i) = 3*i - 3. Determine m(3).
6
Let l(g) = g**3 + 2*g**2 + g - 2. What is l(-2)?
-4
Let o(p) = 29*p - 33. Give o(5).
112
Let y(s) = 7*s**2 + 57*s - 3. What is y(-8)?
-11
Let m(w) = w**2 - 9*w - 15. Determine m(11).
7
Let g(c) = c**3 - 3*c**2 - 26*c + 9. Calculate g(7).
23
Let u(m) = -m**3 + m**2 + 6*m + 5. What is u(0)?
5
Let t(z) = -11*z + 53. Give t(9).
-46
Let v(x) = 15*x + 3. What is v(3)?
48
Let g(p) = -5*p - 3. Give g(-9).
42
Let p(x) = x**3 + x**2 - 8*x - 6. Give p(-4).
-22
Let r(d) = -d**3 - d**2 + 10*d - 9. Determine r(-5).
41
Let f(p) = 14*p - 26. Give f(8).
86
Let m(z) = -z**3 - 6*z**2 - 3*z + 4. Calculate m(-5).
-6
Let y(k) = k**3 + 15*k**2 - 23*k + 13. Calculate y(-16).
125
Let r(w) = -2*w + 8. What is r(7)?
-6
Let j(q) = 12*q + 55. Calculate j(-4).
7
Let c(f) = -f**2 - 3*f - 1. Determine c(-3).
-1
Let o(r) = -r**2 - 2*r - 5. What is o(-5)?
-20
Let k(g) = g**2 - 9*g - 17. What is k(9)?
-17
Let q(n) = -2*n - 10. Calculate q(-9).
8
Let f(l) = l**3 - 5*l**2 - 5*l + 21. What is f(4)?
-15
Let c(u) = u**3 + 12*u**2 - 81*u + 69. What is c(-17)?
1
Let z(r) = r**2 + 1. Calculate z(1).
2
Let x(n) = -2*n - 1. Determine x(-8).
15
Let s(t) = 4*t + 1. Determine s(1).
5
Let d(l) = 2*l + 27. Calculate d(-12).
3
Let v(n) = -2*n**3 - 6*n**2 - 2*n - 2. Give v(-3).
4
Let l(f) = -2*f**2 + 67*f - 20. Give l(34).
-54
Let z(i) = -i**3 + 4*i**2 + 2*i + 2. What is z(4)?
10
Let p(m) = -m**3 - 3*m**2. Determine p(-4).
16
Let q(b) = 3*b**2 + 11*b - 3. Calculate q(3).
57
Let l(k) = -3*k - 145. Determine l(-45).
-10
Let k(j) = -2*j**2 - 17*j - 42. Determine k(-3).
-9
Let a(w) = w**3 + 13*w**2 - 15*w - 34. Give a(-14).
-20
Let f(x) = x - 21. What is f(17)?
-4
Let d(p) = -3*p**2 + 25*p + 16. Calculate d(9).
-2
Let h(c) = c + 19. Calculate h(7).
26
Let x(k) = 2*k**2 + 27*k - 14. Give x(-14).
0
Let b(k) = k**3 - 11*k**2 + 12*k - 5. What is b(10)?
15
Let y(b) = b**2 - 15*b + 16. What is y(14)?
2
Let p(c) = -2*c**2 + c - 1. Give p(-2).
-11
Let z(l) = l**3 + 7*l**2 - 25*l - 7. Give z(-10).
-57
Let r(a) = a**2 - 5*a + 7. Give r(9).
43
Let y(u) = -u + 1. Determine y(-2).
3
Let d(o) = -7*o + 39. Determine d(8).
-17
Let w(l) = -2*l + 71. Calculate w(24).
23
Let s(f) = 11*f + 18. What is s(-6)?
-48
Let t(c) = -c + 23. Determine t(13).
10
Let j(l) = -l - 2. Calculate j(-4).
2
Let x(l) = 10*l**2 + 2*l - 1. What is x(-1)?
7
Let n(o) = -2*o**2 - 4*o + 6. Calculate n(-3).
0
Let g(h) = -h**3 + 8*h**2 - 6*h + 2. Determine g(7).
9
Let j(u) = u - 5. Give j(-4).
-9
Let w(o) = 2*o**3 + 20*o**2 + 15*o - 28. Calculate w(-9).
-1
Let j(f) = -2*f**2 - 13*f - 9. Calculate j(-5).
6
Let o(d) = -d**3 - 12*d**2 - 11*d - 19. Give o(-11).
-19
Let f(o) = -o**2 - 12*o - 14. What is f(-8)?
18
Let m(u) = -u**2 + 8*u - 20. Give m(7).
-13
Let t(l) = l**3 + 9*l**2 + 18*l + 7. Determine t(-6).
7
Let j(r) = r**3 - 13*r**2. What is j(13)?
0
Let m(s) = s**3 + 8*s**2 + 3*s - 17. Determine m(-7).
11
Let i(q) = 2*q**2 + 3*q + 4. Calculate i(4).
48
Let m(i) = 24*i**3 - 2*i - 1. Calculate m(-1).
-23
Let c(g) = g**2 - 9*g + 12. Calculate c(9).
12
Let f(w) = 4*w**2 + 6*w + 4. Give f(-2).
8
Let t(f) = -2*f**2 - 39*f + 29. Calculate t(-20).
9
Let b(a) = 3*a + 105. Give b(-25).
30
Let u(c) = -10*c + 1. Give u(4).
-39
Let k(m) = -5*m + 5. Determine k(-6).
35
Let a(s) = -s + 47. Calculate a(46).
1
Let t(q) = -15*q**3 + q**2 + 3*q - 4. Determine t(1).
-15
Let h(b) = b**2 + 17*b + 13. Determine h(-14).
-29
Let b(l) = l**2 + 133. Give b(0).
133
Let p(y) = y**3 - 4*y**2 - 9*y + 12. Give p(5).
-8
Let k(u) = -u + 8. Give k(7).
1
Let u(v) = v + 2. What is u(1)?
3
Let k(h) = h**3 - 6*h**2 - h + 18. Determine k(5).
-12
Let z(v) = -v**2 - 12*v - 29. Calculate z(-9).
-2
Let h(o) = -2*o - 10. Determine h(-8).
6
Let a(o) = -o**2 + o - 1. What is a(0)?
-1
Let v(u) = -u**2 + 1. Calculate v(2).
-3
Let i(f) = f**3 + f**2 - 11*f - 6. Calculate i(-4).
-10
Let o(g) = g**2 + 11*g - 14. Determine o(-12).
-2
Let r(t) = -t**3 - 12*t**2 + 11*t + 137. Give r(-12).
5
Let l(h) = h**2 + 32*h + 171. Give l(-25).
-4
Let m(v) = -v**2 + 7*v - 3. Give m(7).
-3
Let a(k) = 6*k + 12. Calculate a(-7).
-30
Let t(c) = -33*c + 2339. Calculate t(71).
-4
Let c(v) = -4*v - 119. What is c(-27)?
-11
Let t(n) = 28*n - 129. What is t(5)?
11
Let u(q) = 3*q**3 + 18*q**2 + 29*q + 12. Give u(-3).
6
Let x(b) = -b**2 - 2*b - 3. Determine x(-5).
-